{"id":23475,"date":"2022-11-23T16:02:07","date_gmt":"2022-11-23T16:02:07","guid":{"rendered":"http:\/\/bcsagri.com\/?post_type=product&#038;p=23475"},"modified":"2025-09-10T11:28:27","modified_gmt":"2025-09-10T09:28:27","slug":"622-powersafe-moissonneuse-lieuse","status":"publish","type":"product","link":"https:\/\/bcsagri.com\/fr-001\/product\/622-powersafe-moissonneuse-lieuse\/","title":{"rendered":"622 PowerSafe\u00ae avec moissonneuse-lieuse"},"content":{"rendered":"","protected":false},"excerpt":{"rendered":"","protected":false},"author":2,"featured_media":22416,"parent":0,"menu_order":54,"template":"","product_category":[155],"field_of_application":[],"in_promotion":[],"filter_mdv-power":[],"filter_app-field-tractors":[],"filter_use_attrezzature":[],"filter_filter-use_mf-mc":[266],"filter_grass-collector":[],"filter_wheels-type":[],"filter_driving-position":[],"filter_chassis":[],"filter_trattori-power":[],"filter_conditioner":[],"filter_applicable":[],"filter_type":[],"filter_differential":[370],"filter_engine":[388,396],"filter_clutch":[402],"filter_transmission":[419],"filter_use":[],"class_list":["post-23475","product","type-product","status-publish","has-post-thumbnail","hentry","filter_filter-use_mf-mc-intensif-fr-001","filter_differential-avec-blocage-fr-001","filter_engine-essence-fr-001","filter_engine-diesel-fr-001","filter_clutch-a-bain-dhuile-fr-001","filter_transmission-mecanique-fr-001"],"acf":[],"yoast_head":"<!-- This site is optimized with the Yoast SEO plugin v26.3 - https:\/\/yoast.com\/wordpress\/plugins\/seo\/ -->\n<title>622 PowerSafe\u00ae avec moissonneuse-lieuse - Bcs<\/title>\n<meta name=\"description\" content=\"Machine destin\u00e9e \u00e0 la r\u00e9colte des c\u00e9r\u00e9ales, du s\u00e9same, de la lavande, des herbes m\u00e9dicinales et de tout ce qui implique de couper et de lier en bottes ou en gerbes.\" \/>\n<meta name=\"robots\" content=\"index, follow, max-snippet:-1, max-image-preview:large, max-video-preview:-1\" \/>\n<link rel=\"canonical\" href=\"https:\/\/bcsagri.com\/fr-001\/product\/622-powersafe-moissonneuse-lieuse\/\" \/>\n<meta property=\"og:locale\" content=\"fr_FR\" \/>\n<meta property=\"og:type\" content=\"article\" \/>\n<meta property=\"og:title\" content=\"622 PowerSafe\u00ae avec moissonneuse-lieuse - Bcs\" \/>\n<meta property=\"og:description\" content=\"Machine destin\u00e9e \u00e0 la r\u00e9colte des c\u00e9r\u00e9ales, du s\u00e9same, de la lavande, des herbes m\u00e9dicinales et de tout ce qui implique de couper et de lier en bottes ou en gerbes.\" \/>\n<meta property=\"og:url\" content=\"https:\/\/bcsagri.com\/fr-001\/product\/622-powersafe-moissonneuse-lieuse\/\" \/>\n<meta property=\"og:site_name\" content=\"Bcs\" \/>\n<meta property=\"article:modified_time\" content=\"2025-09-10T09:28:27+00:00\" \/>\n<meta property=\"og:image\" content=\"https:\/\/bcsagri.com\/wp-content\/uploads\/2022\/11\/622-mietilega-card.png\" \/>\n\t<meta property=\"og:image:width\" content=\"800\" \/>\n\t<meta property=\"og:image:height\" content=\"600\" \/>\n\t<meta property=\"og:image:type\" content=\"image\/png\" \/>\n<meta name=\"twitter:card\" content=\"summary_large_image\" \/>\n<meta name=\"twitter:label1\" content=\"Est. reading time\" \/>\n\t<meta name=\"twitter:data1\" content=\"1 minute\" \/>\n<script type=\"application\/ld+json\" class=\"yoast-schema-graph\">{\"@context\":\"https:\/\/schema.org\",\"@graph\":[{\"@type\":\"WebPage\",\"@id\":\"https:\/\/bcsagri.com\/fr-001\/product\/622-powersafe-moissonneuse-lieuse\/\",\"url\":\"https:\/\/bcsagri.com\/fr-001\/product\/622-powersafe-moissonneuse-lieuse\/\",\"name\":\"622 PowerSafe\u00ae avec moissonneuse-lieuse - Bcs\",\"isPartOf\":{\"@id\":\"https:\/\/bcsagri.com\/fr-001\/#website\"},\"primaryImageOfPage\":{\"@id\":\"https:\/\/bcsagri.com\/fr-001\/product\/622-powersafe-moissonneuse-lieuse\/#primaryimage\"},\"image\":{\"@id\":\"https:\/\/bcsagri.com\/fr-001\/product\/622-powersafe-moissonneuse-lieuse\/#primaryimage\"},\"thumbnailUrl\":\"https:\/\/bcsagri.com\/wp-content\/uploads\/2022\/11\/622-mietilega-card.png\",\"datePublished\":\"2022-11-23T16:02:07+00:00\",\"dateModified\":\"2025-09-10T09:28:27+00:00\",\"description\":\"Machine destin\u00e9e \u00e0 la r\u00e9colte des c\u00e9r\u00e9ales, du s\u00e9same, de la lavande, des herbes m\u00e9dicinales et de tout ce qui implique de couper et de lier en bottes ou en gerbes.\",\"breadcrumb\":{\"@id\":\"https:\/\/bcsagri.com\/fr-001\/product\/622-powersafe-moissonneuse-lieuse\/#breadcrumb\"},\"inLanguage\":\"fr-001\",\"potentialAction\":[{\"@type\":\"ReadAction\",\"target\":[\"https:\/\/bcsagri.com\/fr-001\/product\/622-powersafe-moissonneuse-lieuse\/\"]}]},{\"@type\":\"ImageObject\",\"inLanguage\":\"fr-001\",\"@id\":\"https:\/\/bcsagri.com\/fr-001\/product\/622-powersafe-moissonneuse-lieuse\/#primaryimage\",\"url\":\"https:\/\/bcsagri.com\/wp-content\/uploads\/2022\/11\/622-mietilega-card.png\",\"contentUrl\":\"https:\/\/bcsagri.com\/wp-content\/uploads\/2022\/11\/622-mietilega-card.png\",\"width\":800,\"height\":600,\"caption\":\"622-mietilega-card\"},{\"@type\":\"BreadcrumbList\",\"@id\":\"https:\/\/bcsagri.com\/fr-001\/product\/622-powersafe-moissonneuse-lieuse\/#breadcrumb\",\"itemListElement\":[{\"@type\":\"ListItem\",\"position\":1,\"name\":\"Home\",\"item\":\"https:\/\/bcsagri.com\/fr-001\/\"},{\"@type\":\"ListItem\",\"position\":2,\"name\":\"622 PowerSafe\u00ae avec moissonneuse-lieuse\"}]},{\"@type\":\"WebSite\",\"@id\":\"https:\/\/bcsagri.com\/fr-001\/#website\",\"url\":\"https:\/\/bcsagri.com\/fr-001\/\",\"name\":\"Bcs\",\"description\":\"\",\"potentialAction\":[{\"@type\":\"SearchAction\",\"target\":{\"@type\":\"EntryPoint\",\"urlTemplate\":\"https:\/\/bcsagri.com\/fr-001\/?s={search_term_string}\"},\"query-input\":{\"@type\":\"PropertyValueSpecification\",\"valueRequired\":true,\"valueName\":\"search_term_string\"}}],\"inLanguage\":\"fr-001\"}]}<\/script>\n<!-- \/ Yoast SEO plugin. -->","yoast_head_json":{"title":"622 PowerSafe\u00ae avec moissonneuse-lieuse - Bcs","description":"Machine destin\u00e9e \u00e0 la r\u00e9colte des c\u00e9r\u00e9ales, du s\u00e9same, de la lavande, des herbes m\u00e9dicinales et de tout ce qui implique de couper et de lier en bottes ou en gerbes.","robots":{"index":"index","follow":"follow","max-snippet":"max-snippet:-1","max-image-preview":"max-image-preview:large","max-video-preview":"max-video-preview:-1"},"canonical":"https:\/\/bcsagri.com\/fr-001\/product\/622-powersafe-moissonneuse-lieuse\/","og_locale":"fr_FR","og_type":"article","og_title":"622 PowerSafe\u00ae avec moissonneuse-lieuse - Bcs","og_description":"Machine destin\u00e9e \u00e0 la r\u00e9colte des c\u00e9r\u00e9ales, du s\u00e9same, de la lavande, des herbes m\u00e9dicinales et de tout ce qui implique de couper et de lier en bottes ou en gerbes.","og_url":"https:\/\/bcsagri.com\/fr-001\/product\/622-powersafe-moissonneuse-lieuse\/","og_site_name":"Bcs","article_modified_time":"2025-09-10T09:28:27+00:00","og_image":[{"width":800,"height":600,"url":"https:\/\/bcsagri.com\/wp-content\/uploads\/2022\/11\/622-mietilega-card.png","type":"image\/png"}],"twitter_card":"summary_large_image","twitter_misc":{"Est. reading time":"1 minute"},"schema":{"@context":"https:\/\/schema.org","@graph":[{"@type":"WebPage","@id":"https:\/\/bcsagri.com\/fr-001\/product\/622-powersafe-moissonneuse-lieuse\/","url":"https:\/\/bcsagri.com\/fr-001\/product\/622-powersafe-moissonneuse-lieuse\/","name":"622 PowerSafe\u00ae avec moissonneuse-lieuse - Bcs","isPartOf":{"@id":"https:\/\/bcsagri.com\/fr-001\/#website"},"primaryImageOfPage":{"@id":"https:\/\/bcsagri.com\/fr-001\/product\/622-powersafe-moissonneuse-lieuse\/#primaryimage"},"image":{"@id":"https:\/\/bcsagri.com\/fr-001\/product\/622-powersafe-moissonneuse-lieuse\/#primaryimage"},"thumbnailUrl":"https:\/\/bcsagri.com\/wp-content\/uploads\/2022\/11\/622-mietilega-card.png","datePublished":"2022-11-23T16:02:07+00:00","dateModified":"2025-09-10T09:28:27+00:00","description":"Machine destin\u00e9e \u00e0 la r\u00e9colte des c\u00e9r\u00e9ales, du s\u00e9same, de la lavande, des herbes m\u00e9dicinales et de tout ce qui implique de couper et de lier en bottes ou en gerbes.","breadcrumb":{"@id":"https:\/\/bcsagri.com\/fr-001\/product\/622-powersafe-moissonneuse-lieuse\/#breadcrumb"},"inLanguage":"fr-001","potentialAction":[{"@type":"ReadAction","target":["https:\/\/bcsagri.com\/fr-001\/product\/622-powersafe-moissonneuse-lieuse\/"]}]},{"@type":"ImageObject","inLanguage":"fr-001","@id":"https:\/\/bcsagri.com\/fr-001\/product\/622-powersafe-moissonneuse-lieuse\/#primaryimage","url":"https:\/\/bcsagri.com\/wp-content\/uploads\/2022\/11\/622-mietilega-card.png","contentUrl":"https:\/\/bcsagri.com\/wp-content\/uploads\/2022\/11\/622-mietilega-card.png","width":800,"height":600,"caption":"622-mietilega-card"},{"@type":"BreadcrumbList","@id":"https:\/\/bcsagri.com\/fr-001\/product\/622-powersafe-moissonneuse-lieuse\/#breadcrumb","itemListElement":[{"@type":"ListItem","position":1,"name":"Home","item":"https:\/\/bcsagri.com\/fr-001\/"},{"@type":"ListItem","position":2,"name":"622 PowerSafe\u00ae avec moissonneuse-lieuse"}]},{"@type":"WebSite","@id":"https:\/\/bcsagri.com\/fr-001\/#website","url":"https:\/\/bcsagri.com\/fr-001\/","name":"Bcs","description":"","potentialAction":[{"@type":"SearchAction","target":{"@type":"EntryPoint","urlTemplate":"https:\/\/bcsagri.com\/fr-001\/?s={search_term_string}"},"query-input":{"@type":"PropertyValueSpecification","valueRequired":true,"valueName":"search_term_string"}}],"inLanguage":"fr-001"}]}},"_links":{"self":[{"href":"https:\/\/bcsagri.com\/fr-001\/wp-json\/wp\/v2\/product\/23475","targetHints":{"allow":["GET"]}}],"collection":[{"href":"https:\/\/bcsagri.com\/fr-001\/wp-json\/wp\/v2\/product"}],"about":[{"href":"https:\/\/bcsagri.com\/fr-001\/wp-json\/wp\/v2\/types\/product"}],"author":[{"embeddable":true,"href":"https:\/\/bcsagri.com\/fr-001\/wp-json\/wp\/v2\/users\/2"}],"wp:featuredmedia":[{"embeddable":true,"href":"https:\/\/bcsagri.com\/fr-001\/wp-json\/wp\/v2\/media\/22416"}],"wp:attachment":[{"href":"https:\/\/bcsagri.com\/fr-001\/wp-json\/wp\/v2\/media?parent=23475"}],"wp:term":[{"taxonomy":"product_category","embeddable":true,"href":"https:\/\/bcsagri.com\/fr-001\/wp-json\/wp\/v2\/product_category?post=23475"},{"taxonomy":"field_of_application","embeddable":true,"href":"https:\/\/bcsagri.com\/fr-001\/wp-json\/wp\/v2\/field_of_application?post=23475"},{"taxonomy":"in_promotion","embeddable":true,"href":"https:\/\/bcsagri.com\/fr-001\/wp-json\/wp\/v2\/in_promotion?post=23475"},{"taxonomy":"filter_mdv-power","embeddable":true,"href":"https:\/\/bcsagri.com\/fr-001\/wp-json\/wp\/v2\/filter_mdv-power?post=23475"},{"taxonomy":"filter_app-field-tractors","embeddable":true,"href":"https:\/\/bcsagri.com\/fr-001\/wp-json\/wp\/v2\/filter_app-field-tractors?post=23475"},{"taxonomy":"filter_use_attrezzature","embeddable":true,"href":"https:\/\/bcsagri.com\/fr-001\/wp-json\/wp\/v2\/filter_use_attrezzature?post=23475"},{"taxonomy":"filter_filter-use_mf-mc","embeddable":true,"href":"https:\/\/bcsagri.com\/fr-001\/wp-json\/wp\/v2\/filter_filter-use_mf-mc?post=23475"},{"taxonomy":"filter_grass-collector","embeddable":true,"href":"https:\/\/bcsagri.com\/fr-001\/wp-json\/wp\/v2\/filter_grass-collector?post=23475"},{"taxonomy":"filter_wheels-type","embeddable":true,"href":"https:\/\/bcsagri.com\/fr-001\/wp-json\/wp\/v2\/filter_wheels-type?post=23475"},{"taxonomy":"filter_driving-position","embeddable":true,"href":"https:\/\/bcsagri.com\/fr-001\/wp-json\/wp\/v2\/filter_driving-position?post=23475"},{"taxonomy":"filter_chassis","embeddable":true,"href":"https:\/\/bcsagri.com\/fr-001\/wp-json\/wp\/v2\/filter_chassis?post=23475"},{"taxonomy":"filter_trattori-power","embeddable":true,"href":"https:\/\/bcsagri.com\/fr-001\/wp-json\/wp\/v2\/filter_trattori-power?post=23475"},{"taxonomy":"filter_conditioner","embeddable":true,"href":"https:\/\/bcsagri.com\/fr-001\/wp-json\/wp\/v2\/filter_conditioner?post=23475"},{"taxonomy":"filter_applicable","embeddable":true,"href":"https:\/\/bcsagri.com\/fr-001\/wp-json\/wp\/v2\/filter_applicable?post=23475"},{"taxonomy":"filter_type","embeddable":true,"href":"https:\/\/bcsagri.com\/fr-001\/wp-json\/wp\/v2\/filter_type?post=23475"},{"taxonomy":"filter_differential","embeddable":true,"href":"https:\/\/bcsagri.com\/fr-001\/wp-json\/wp\/v2\/filter_differential?post=23475"},{"taxonomy":"filter_engine","embeddable":true,"href":"https:\/\/bcsagri.com\/fr-001\/wp-json\/wp\/v2\/filter_engine?post=23475"},{"taxonomy":"filter_clutch","embeddable":true,"href":"https:\/\/bcsagri.com\/fr-001\/wp-json\/wp\/v2\/filter_clutch?post=23475"},{"taxonomy":"filter_transmission","embeddable":true,"href":"https:\/\/bcsagri.com\/fr-001\/wp-json\/wp\/v2\/filter_transmission?post=23475"},{"taxonomy":"filter_use","embeddable":true,"href":"https:\/\/bcsagri.com\/fr-001\/wp-json\/wp\/v2\/filter_use?post=23475"}],"curies":[{"name":"wp","href":"https:\/\/api.w.org\/{rel}","templated":true}]}}